*2 + 234*a + 703. Determine z(-3).
-8
Let h(k) = -30*k - 219. Give h(-14).
201
Let w(p) = -p**3 + 79*p**2 + 325*p + 473. Give w(83).
-108
Let y(q) = -22*q**3 - 4*q**2 - 45*q + 48. Calculate y(1).
-23
Let d(w) = w**2 - 78*w + 302. Determine d(4).
6
Let k(y) = -72*y**2 - 468*y + 255. Determine k(-7).
3
Let k(t) = 55*t - 4173. What is k(76)?
7
Let y(o) = 4*o**3 - o**2 + 5*o + 11. Calculate y(-2).
-35
Let z(f) = -4095*f + 122850. Determine z(30).
0
Let v(m) = -m**3 - 4*m**2 + 29*m - 179. Give v(-10).
131
Let k(y) = -y**3 + 28*y**2 - 149*y - 6. Determine k(8).
82
Let g(i) = 2*i**3 - 30*i**2 + 4*i - 32. What is g(15)?
28
Let i(f) = 2222*f + 6664. Calculate i(-3).
-2
Let v(z) = 9*z**2 - 1054*z + 30851. What is v(59)?
-6
Let p(l) = l**2 + 13*l - 200. Calculate p(-21).
-32
Let z(r) = -2*r**2 - 39*r - 108. What is z(-3)?
-9
Let k(i) = -58*i + 9156. What is k(158)?
-8
Let b(y) = 16*y**3 - 62*y**2 + y + 12. Calculate b(4).
48
Let v(w) = 11*w**2 - 86*w - 146. Give v(9).
-29
Let v(x) = -x**3 - 14*x**2 - 45*x + 6. Calculate v(-8).
-18
Let s(t) = 3*t**2 + 66*t + 84. Determine s(-21).
21
Let v(h) = -h**3 - 31*h**2 + 32*h + 23. What is v(-32)?
23
Let q(f) = 105*f + 951. Calculate q(-9).
6
Let r(n) = -644*n**3 - 2*n**2 + 2. Give r(-1).
644
Let d(s) = -14*s**3 - 531*s**2 + 48*s + 378. Determine d(-38).
-2
Let g(t) = -185*t + 18321. Give g(99).
6
Let q(a) = -a - 67. Calculate q(-49).
-18
Let x(f) = -f**2 + 14*f + 292. Calculate x(-12).
-20
Let q(w) = w**2 - 32*w - 2646. What is q(70)?
14
Let b(r) = -21*r + 58. Give b(3).
-5
Let g(h) = -h - 5. Calculate g(10).
-15
Let n(o) = o**3 - 10*o**2 - 17*o + 10. Give n(-2).
-4
Let a(z) = z**3 - 3*z**2 - 53*z - 190. What is a(-4)?
-90
Let m(k) = -15*k**2 - 20*k + 17. What is m(-2)?
-3
Let s(t) = -4*t**2 - 226*t - 645. Calculate s(-3).
-3
Let y(m) = m**3 + 11*m**2 - 30*m - 268. Calculate y(-11).
62
Let w(v) = 2*v**3 - 8*v**2 + 127*v - 986. What is w(8)?
542
Let a(p) = -p**3 - 5*p**2 - 8*p - 28. Give a(-5).
12
Let p(b) = -b**2 - 34*b - 244. What is p(-10)?
-4
Let o(y) = 4*y + 1. What is o(4)?
17
Let l(k) = k**2 + 75*k + 352. Calculate l(-5).
2
Let i(x) = 2*x**2 + 250*x - 2665. Give i(10).
35
Let y(o) = 107*o - 11651. Calculate y(109).
12
Let j(a) = 104*a - 149. Calculate j(5).
371
Let a(w) = 182*w - 12183. Calculate a(67).
11
Let d(q) = -8129*q + 24398. What is d(3)?
11
Let s(c) = -58*c - 1002. Give s(-19).
100
Let v(b) = -108*b - 1082. Calculate v(-10).
-2
Let h(c) = 5*c**3 + 172*c**2 + 340*c + 1. Determine h(-2).
-31
Let i(f) = -47*f**2 - 1553*f - 74. Determine i(-33).
-8
Let u(l) = 86*l + 3864. Determine u(-45).
-6
Let t(k) = k**2 - k - 18. Give t(8).
38
Let g(i) = i**3 + 6*i**2 + 132*i + 981. What is g(-7)?
8
Let h(t) = 189*t - 1129. Calculate h(6).
5
Let p(l) = -l**2 - 162*l - 6484. Calculate p(-72).
-4
Let g(t) = -t**3 + 11*t**2 - 17*t + 9. What is g(9)?
18
Let w(h) = -h**2 + 65*h + 3751. Calculate w(-37).
-23
Let v(b) = -2*b**2 - 96*b + 1574. Determine v(-61).
-12
Let h(o) = -o**3 + 3*o**2 - 16*o + 37. Give h(2).
9
Let s(c) = -58*c - 728. What is s(-12)?
-32
Let i(q) = 2*q**3 - 171*q**2 + 251*q - 17. Determine i(84).
-101
Let p(b) = -b**2 + 266*b + 47. Determine p(0).
47
Let g(i) = 4*i**3 - 4*i**2 + 31*i - 4. Calculate g(5).
551
Let r(s) = 235*s - 1877. Determine r(8).
3
Let y(z) = z**2 - 209*z + 5838. Determine y(34).
-112
Let c(y) = 55*y - 4720. Determine c(85).
-45
Let h(a) = 7*a + 110. What is h(-30)?
-100
Let a(k) = -k**3 + 43*k**2 + 71*k + 842. Give a(45).
-13
Let g(x) = x**3 - 118*x**2 - 490*x + 256. Give g(122).
12
Let f(c) = 4603*c + 36828. Calculate f(-8).
4
Let p(x) = -22*x + 8. What is p(-4)?
96
Let t(k) = k**2 + 5*k + 15. Calculate t(-7).
29
Let s(i) = i**3 - 14*i**2 - 23*i + 88. What is s(15)?
-32
Let k(q) = -67*q - 799. Calculate k(-16).
273
Let s(l) = 87*l + 2030. Give s(-23).
29
Let b(s) = -4642*s + 13922. What is b(3)?
-4
Let t(d) = -2*d**2 + 42*d + 207. Give t(-5).
-53
Let g(w) = -11*w**2 - w. Calculate g(3).
-102
Let r(l) = 325*l - 9040. Determine r(28).
60
Let f(r) = -r**3 + 22*r**2 + 363*r - 537. Give f(-12).
3
Let v(r) = -21*r - 41. What is v(3)?
-104
Let i(u) = 2*u**2 - 37*u + 146. Calculate i(11).
-19
Let o(h) = h**3 + 20*h**2 - 108*h - 85. Determine o(-24).
203
Let p(h) = 2*h**3 - 34*h**2 + 83*h + 20. Give p(14).
6
Let q(b) = 22*b + 51. Give q(-8).
-125
Let h(u) = 6*u - 216. Calculate h(28).
-48
Let d(q) = -q**2 + 45*q - 163. Calculate d(41).
1
Let j(d) = d**3 + 2*d**2 - 40*d - 107. What is j(-6)?
-11
Let d(a) = -2*a**2 + 475*a - 4078. What is d(9)?
35
Let p(f) = -f**2 + 55*f + 2773. Give p(-32).
-11
Let o(i) = -2*i**3 + 7*i**2 - 15*i + 9. Give o(2).
-9
Let j(c) = -4707*c - 17. Give j(0).
-17
Let g(q) = -4*q**2 + 4319*q + 8645. What is g(-2)?
-9
Let l(r) = r**3 - 72*r**2 - 9*r + 5698. What is l(71)?
18
Let q(z) = -635*z + 6976. Calculate q(11).
-9
Let c(p) = -70*p - 161. Calculate c(-5).
189
Let v(i) = i**3 + 22*i**2 + 73*i + 48. Determine v(-18).
30
Let w(v) = 125*v - 579. What is w(5)?
46
Let d(a) = -14*a**2 - 89*a + 66. Give d(-7).
3
Let v(b) = -b**2 + 144*b - 3156. Calculate v(27).
3
Let b(t) = -t**2 + 2421*t - 16887. Give b(7).
11
Let c(g) = g**3 + 20*g**2 + 27*g - 833. Give c(-13).
-1
Let q(i) = 37*i - 51. Give q(-9).
-384
Let x(o) = o**3 + 9*o**2 - 26*o - 42. What is x(-11)?
2
Let z(i) = -136*i - 7482. What is z(-55)?
-2
Let r(q) = -25*q + 1019. Determine r(41).
-6
Let i(f) = -f**2 - 38*f - 264. Calculate i(-9).
-3
Let t(l) = -8*l**2 + 6*l + 32. Calculate t(3).
-22
Let g(w) = 15*w**2 + 60*w + 114. Calculate g(-2).
54
Let o(z) = 4*z**2 - 20*z. Determine o(4).
-16
Let j(t) = -7*t**3 - 44*t**2 + 21*t - 93. Calculate j(-7).
5
Let l(o) = o**2 - 30*o + 102. Determine l(26).
-2
Let z(a) = -210*a + 6451. What is z(31)?
-59
Let y(t) = 3*t**3 + 21*t**2 - 37*t - 12. What is y(-8)?
92
Let o(q) = -25*q - 1529. Determine o(-61).
-4
Let q(v) = -91*v - 1788. Determine q(-19).
-59
Let u(j) = 269*j**2 + 803*j - 17. Calculate u(-3).
-5
Let n(x) = x**3 + 104*x**2 + 199*x - 497. Give n(-102).
13
Let b(k) = -6*k**3 - 5*k**2 + 3*k. What is b(1)?
-8
Let m(h) = 9*h**2 + 92*h - 26. What is m(-11)?
51
Let w(l) = l**3 - 20*l**2 - 54*l + 686. Calculate w(21).
-7
Let v(x) = 73*x**2 - 104*x + 25. Determine v(1).
-6
Let n(z) = z**3 + 45*z**2 - 2*z - 176. What is n(-45)?
-86
Let g(v) = 6*v**2 + 453*v + 1094. Determine g(-73).
-1
Let c(v) = 25*v - 71. What is c(18)?
379
Let f(t) = 392*t - 1158. Determine f(3).
18
Let r(z) = -21*z - 72. Determine r(-3).
-9
Let q(g) = -2*g**2 - 35*g + 47. What is q(-18)?
29
Let a(o) = -4*o**3 - 56*o**2 - 3*o - 45. Determine a(-14).
-3
Let v(g) = -5*g**2 + 372*g - 2669. Determine v(7).
-310
Let r(s) = s - 12. Calculate r(-2).
-14
Let r(d) = -d + 10. Give r(-13).
23
Let p(g) = -15*g + 150. Determine p(7).
45
Let g(m) = m**2 - 11*m - 127. Determine g(-9).
53
Let n(m) = -412*m + 23894. Calculate n(58).
-2
Let p(z) = -109*z + 764. Determine p(7).
1
Let u(p) = p**2 - 6*p - 146. Calculate u(0).
-146
Let b(q) = -206*q + 471. Calculate b(0).
471
Let w(h) = -7*h - 228. Determine w(-34).
10
Let l(y) = 2*y**2 + 111*y - 6330. Determine l(35).
5
Let d(j) = -49*j**3 + 9*j + 25. Give d(-2).
399
Let g(l) = l**3 + 6*l**2 - 39*l + 64. Determine g(-9).
172
Let m(a) = -6*a**2 + 194*a - 1471. Calculate m(12).
-7
Let j(n) = -3*n - 56. Determine j(-13).
-17
Let i(c) = 163*c - 675. Determine i(4).
-23
Let d(a) = 1724*a + 18956. Determine d(-11).
-8
Let c(s) = -5*s**2 + 69*s - 97. What is c(17)?
-369
Let b(m) = 1084*m + 7616. What is b(-7)?
28
Let c(x) = 76*x - 13902. Give c(183).
6
Let t(m) = -4*m**2 + 643*m + 2108. What is t(164)?
-24
Let y(f) = f**3 + 5*f**2 - 6*f + 5. Determine y(-5).
35
Let i(n) = -n**3 - 6*n**2 + 43*n - 62. Calculate i(3).
-14
Let c(r) = -3*r**2 + 147*r - 148. What is c(1)?
-4
Let s(p) = 159*p - 13512. Determine s(85).
3
Let q(m) = 183*m - 4754. Give q(26).
4
Let a(m) = -35*m**2 - 222*m - 445. Give a(-2).
-141
Let g(z) = 24*z + 55. Give g(3).
127
Let p(b) = 14*b - 89. Give p(-12).
-257
Let m(x) = 134*x + 1739. Calculate m(-13).
-3
Let b(l) = l**3 - 7*l**2 - 57*l + 2. Determine b(-4).
54
Let a(v) = -2*v**3 - 6*v**2 - 38*v - 188. Determine a(-4).
-4
Let n(k) = -3*k**3 - 2*k**2 + 28*k - 48. Calculate n(3).
-63
Let j(m) = -3*m**3 - 24*m**2 - 43*m - 19. Determine j(-6).
23
Let s(z) = -z**3 - 9